 8, what is -13457 - -33?
-13424
In base 16, what is 4276 - -82?
42f8
In base 8, what is -3 + -20047?
-20052
In base 8, what is 5 - 3406251?
-3406244
In base 6, what is -2342025 + 3?
-2342022
In base 8, what is 0 - -112252?
112252
In base 5, what is 143 - -12232?
12430
In base 6, what is 5 - -52234030?
52234035
In base 14, what is 1a - a73?
-a57
In base 12, what is 100796 - -3?
100799
In base 6, what is -24 + 141043?
141015
In base 16, what is -b0b - -2e0?
-82b
In base 8, what is -557 + 234?
-323
In base 6, what is -21 - 4522235?
-4522300
In base 16, what is -165e5 + -4?
-165e9
In base 6, what is -111 + 214520?
214405
In base 3, what is -121122022011 - -1?
-121122022010
In base 3, what is -212211 + -212212?
-1202200
In base 4, what is -10013210 - 10?
-10013220
In base 3, what is -110 - -12000202?
12000022
In base 9, what is 37238 + -21?
37217
In base 3, what is 2212010120 + 20?
2212010210
In base 5, what is -10 - -242141?
242131
In base 2, what is 11010 - 101110001000?
-101101101110
In base 16, what is 58 - -36b?
3c3
In base 15, what is -2560d + 4?
-25609
In base 11, what is -6 - -81886?
81880
In base 6, what is -104214 + -322?
-104540
In base 4, what is -31002 + -333?
-32001
In base 2, what is -1001011001001000000 + 0?
-1001011001001000000
In base 4, what is 132 + -3021?
-2223
In base 4, what is -3 - -2003211?
2003202
In base 9, what is 256031 - -4?
256035
In base 10, what is 78 + 112?
190
In base 5, what is -20313 - -14102?
-1211
In base 9, what is -2726 + 26?
-2700
In base 9, what is -105841 - 4?
-105845
In base 4, what is 331222 - -12212?
1010100
In base 9, what is -21100 + 0?
-21100
In base 16, what is 189e + 59?
18f7
In base 12, what is 26 - b848?
-b822
In base 14, what is 1548 + -1d?
1529
In base 2, what is -100 + -100100111?
-100101011
In base 3, what is 1 - 1011212211212?
-1011212211211
In base 3, what is 1202222011 - -11?
1202222022
In base 2, what is 101110111 - 1010110?
100100001
In base 6, what is -4005 - 11?
-4020
In base 12, what is -41b + 142?
-299
In base 9, what is 6 + 12857?
12864
In base 5, what is 43343020 - 20?
43343000
In base 11, what is -30376 + -1?
-30377
In base 14, what is 189233 + -2?
189231
In base 7, what is -562 + 1?
-561
In base 6, what is 133 - 3153?
-3020
In base 12, what is 26b77 + 0?
26b77
In base 12, what is -2760 + 5?
-2757
In base 6, what is -112 + 23021?
22505
In base 3, what is -12202 + 1102012?
1012110
In base 15, what is -a - -3e4c6?
3e4bb
In base 6, what is -1311 - -1114?
-153
In base 10, what is 1009 - 964?
45
In base 5, what is 1 - -11223304?
11223310
In base 13, what is -88aa - -16?
-8894
In base 9, what is -12 - 26854?
-26866
In base 13, what is 1a53 + 5?
1a58
In base 2, what is -11101110100001 + -10111?
-11101110111000
In base 7, what is 206605 - -5?
206613
In base 9, what is -1561537 + 5?
-1561532
In base 7, what is -12454456 - 3?
-12454462
In base 8, what is 5 - -131111?
131116
In base 8, what is 240 - -1027?
1267
In base 7, what is 2 - 541312?
-541310
In base 2, what is -10001100 - -100101100110?
100011011010
In base 2, what is -10 + 1001100000100001010?
1001100000100001000
In base 16, what is -fddd - 1?
-fdde
In base 7, what is 60 - 15043?
-14653
In base 6, what is -4 + 10553433?
10553425
In base 16, what is -829f5 - 3?
-829f8
In base 6, what is 3 + 341202?
341205
In base 5, what is 30 - 11321434?
-11321404
In base 15, what is -7a4b + -5?
-7a51
In base 15, what is 3693d + 3?
36941
In base 5, what is 3 + 123220?
123223
In base 6, what is -3 + -22520?
-22523
In base 5, what is 2134 + -221?
1413
In base 12, what is -21 + -121?
-142
In base 9, what is 334 + -150?
174
In base 3, what is 10 + 1021110121?
1021110201
In base 4, what is 22100220 - 3?
22100211
In base 3, what is -2 + 20121020021?
20121020012
In base 11, what is -416719 + 1?
-416718
In base 14, what is 1 + -5143?
-5142
In base 12, what is -1b24 - 4?
-1b28
In base 14, what is -1 - 8d2d3?
-8d2d4
In base 14, what is 0 - -403b?
403b
In base 5, what is 2332 + -2102?
230
In base 4, what is -11 - -3201233?
3201222
In base 16, what is 3cdbb - 0?
3cdbb
In base 16, what is -39 + -60a?
-643
In base 8, what is 21 - 225142?
-225121
In base 15, what is -2a + 11e3?
11b8
In base 16, what is 3ff - 783?
-384
In base 10, what is 2 + 119660?
119662
In base 2, what is -11 - -1110001011011011101?
1110001011011011010
In base 14, what is 2a - -2bdd?
2c29
In base 3, what is -1112 + -12111102?
-12112221
In base 7, what is 166443 + 155?
166631
In base 5, what is -4420440 + 1?
-4420434
In base 5, what is 432034 - 32?
432002
In base 3, what is -12 - 201202122?
-201202211
In base 2, what is 1000011011000110100001 + -1?
1000011011000110100000
In base 3, what is -220201 - -20000?
-200201
In base 5, what is -1302 + -43423?
-100230
In base 12, what is -ab9b - 4?
-aba3
In base 3, what is 10 - 101012112?
-101012102
In base 14, what is 482 - -36c?
810
In base 9, what is -4 + 136403?
136388
In base 12, what is 2 - -3860?
3862
In base 6, what is -124 - 2021?
-2145
In base 11, what is -1645 - a?
-1654
In base 10, what is -1616 - -122?
-1494
In base 13, what is -135 - -4ca?
395
In base 13, what is -8 + -5008?
-5013
In base 3, what is 11012110 + -21120?
10220220
In base 9, what is 584 - -1424?
2118
In base 15, what is 15 - 2a45?
-2a30
In base 11, what is 176 + -1320?
-1155
In base 2, what is 1000111101111000111 - -10?
1000111101111001001
In base 13, what is -3 + -3443?
-3446
In base 14, what is -48a9a - -3?
-48a97
In base 11, what is -355837 + 4?
-355833
In base 2, what is -11011 - -100000000?
11100101
In base 5, what is -2 + 1131111?
1131104
In base 12, what is -1 + -27238a?
-27238b
In base 16, what is 1c + 6e9e?
6eba
In base 4, what is -3 + 2131012200?
2131012131
In base 14, what is -9 - 2327?
-2332
In base 15, what is 417e + 4?
4183
In base 14, what is -4acd1 - -5?
-4acca
In base 8, what is 5113077 - -2?
5113101
In base 4, what is -2112323 - 33?
-2113022
In base 12, what is 10 - 56?
-46
In base 2, what is -100000001 + 100111001?
111000
In base 5, what is 40443142 + 2?
40443144
In base 7, what is 2 - 101424?
-101422
In base 8, what is 14 + 11656?
11672
In base 8, what is 14 + -176417?
-176403
In base 6, what is 15211 - 2304?
12503
In base 12, what is 10 - -75a91?
75aa1
In base 4, what is 10020 + 3120233?
3130313
In base 4, what is 2111011 - 2?
2111003
In base 14, what is -10034 + -5?
-10039
In base 4, what is 202001211 - 20?
202001131
In base 11, what is -105 + -206?
-310
In base 8, what is 20026 - -3?
20031
In base 12, what is 12 - -1ba1?
1bb3
In base 2, what is -11110111000010 - 1000?
-11110111001010
In base 11, what is -7982 + 7?
-7976
In base 14, what is 5c1 - -106b?
164c
In base 2, what is -101011001101011111 + 101?
-101011001101011010
In base 13, what is 12 - -37647?
37659
In base 12, what is -24 - 7?
-2b
In base 3, what is -1120102211 - -100?
-1120102111
In base 11, what is -a4391 - -4?
-a4388
In base 8, what is -24133 + -51?
-24204
In base 7, what is 3 + 124605?
124611
In base 10, what is -787500 - -2?
-787498
In base 5, what is 344 + -24010?
-23111
In base 6, what is -201244 + -110?
-201354
In base 10, what is 2 + 8325?
8327
In base 16, what is 18890 + 1?
18891
In base 7, what is -3 + -1206161?
-1206164
In base 11, what is 32574 + 3?
32577
In base 7, what is -121 + -1533?
-1654
In base 8, what is -3612 + -6?
-3620
In base 15, what is 1e5e8 + -4?
1e5e4
In base 4, what is 3 + -22222031?
-22222022
In base 6, what is -5353525 + -2?
-5353531
In base 7, what is 314 - -1032?
1346
In base 10, what is -364 + 7773?
7409
In base 9, what is -60004 + 4?
-60000
In base 10, what is 184 - -287?
471
In base 4, what is 10 - -120011221?
120011231
In base 8, what is -314576 + 0?
-314576
In base 13, what is 77c71 - c?
77c62
In base 12, what is 5 - -104348?
104351
In base 9, what is 1465 - 3?
1462
In base 11, what is 7 + 11701?
11708
In base 2, what is -11011010011001 - 10011010?
-11011100110011
In base 8, what is -137 + 1135?
776
In base 14, what is 3 - -117432?
117435
In base 7, what is -3142 - 514?
-3656
In base 14, what is 2d - -301?
330
In base 10, what is -4 + 70713?
70709
In base 16, what is -100d - 46?
-1053
In base 14, what is -1b - -804?
7c7
In base 11, what is -36 - 653?
-689
In base 16, what is d5 + -2461?
-238c
In base 12, what is -391a62 - 1?
-391a63
In base 9, what i